23?
0
What is the units digit of 124583853?
3
What is the millions digit of 52425680?
2
What is the ten millions digit of 26578351?
2
What is the thousands digit of 650317119?
7
What is the thousands digit of 172956078?
6
What is the ten millions digit of 1314414492?
1
What is the millions digit of 136440130?
6
What is the ten millions digit of 116966695?
1
What is the thousands digit of 860249131?
9
What is the ten thousands digit of 353780786?
8
What is the thousands digit of 2185130324?
0
What is the units digit of 94892782?
2
What is the hundred millions digit of 2777921547?
7
What is the hundreds digit of 2697957950?
9
What is the ten thousands digit of 118878725?
7
What is the units digit of 202858700?
0
What is the units digit of 8935267?
7
What is the millions digit of 1466324793?
6
What is the hundred thousands digit of 155411561?
4
What is the thousands digit of 65585305?
5
What is the millions digit of 1863001710?
3
What is the ten millions digit of 117173308?
1
What is the hundred thousands digit of 42393708?
3
What is the hundred millions digit of 1894612833?
8
What is the ten millions digit of 13213562?
1
What is the units digit of 44874692?
2
What is the thousands digit of 1329160972?
0
What is the tens digit of 64062549?
4
What is the hundreds digit of 257717342?
3
What is the hundred thousands digit of 63164360?
1
What is the units digit of 20090813?
3
What is the tens digit of 125976951?
5
What is the units digit of 3537805514?
4
What is the units digit of 22934795?
5
What is the thousands digit of 68571046?
1
What is the hundred thousands digit of 551349674?
3
What is the tens digit of 6276840?
4
What is the units digit of 55526487?
7
What is the ten thousands digit of 111127653?
2
What is the hundreds digit of 30414205?
2
What is the millions digit of 4761583?
4
What is the thousands digit of 94300667?
0
What is the thousands digit of 48912674?
2
What is the hundred thousands digit of 620927555?
9
What is the thousands digit of 3529481946?
1
What is the billions digit of 1569055744?
1
What is the thousands digit of 160081866?
1
What is the millions digit of 167861702?
7
What is the units digit of 61298570?
0
What is the units digit of 1938770?
0
What is the hundreds digit of 525048817?
8
What is the tens digit of 44955244?
4
What is the billions digit of 1110516409?
1
What is the hundred millions digit of 211521357?
2
What is the ten millions digit of 2477906360?
7
What is the hundreds digit of 30393545?
5
What is the tens digit of 194097045?
4
What is the ten millions digit of 47393051?
4
What is the millions digit of 3340993520?
0
What is the tens digit of 317058998?
9
What is the hundreds digit of 1912182768?
7
What is the thousands digit of 34390026?
0
What is the thousands digit of 66294349?
4
What is the millions digit of 72114405?
2
What is the millions digit of 372996041?
2
What is the millions digit of 939764347?
9
What is the thousands digit of 1619916?
9
What is the ten millions digit of 560873366?
6
What is the hundreds digit of 1594282231?
2
What is the hundred millions digit of 1322062851?
3
What is the thousands digit of 1071612028?
2
What is the millions digit of 1831849502?
1
What is the ten millions digit of 9461267205?
6
What is the thousands digit of 12865565?
5
What is the ten millions digit of 87704861?
8
What is the ten thousands digit of 741869991?
6
What is the ten millions digit of 104132165?
0
What is the hundreds digit of 606731553?
5
What is the units digit of 1305295175?
5
What is the units digit of 58816675?
5
What is the millions digit of 35058783?
5
What is the thousands digit of 47611753?
1
What is the ten thousands digit of 10271919?
7
What is the hundred thousands digit of 60685456?
6
What is the units digit of 1831783695?
5
What is the hundred thousands digit of 38528132?
5
What is the ten millions digit of 16302584?
1
What is the hundred thousands digit of 5512018?
5
What is the millions digit of 198395454?
8
What is the ten thousands digit of 2678024564?
2
What is the units digit of 17941320?
0
What is the units digit of 264501902?
2
What is the ten thousands digit of 9295207?
9
What is the ten millions digit of 67886529?
6
What is the tens digit of 2140715921?
2
What is the hundred millions digit of 548629070?
5
What is the ten thousands digit of 2017135199?
3
What is the millions digit of 94597464?
4
What is the hundreds digit of 359256601?
6
What is the hundred millions digit of 780469107?
7
What is the tens digit of 23098278?
7
What is the ten millions digit of 1860235586?
6
What is the tens digit of 428643216?
1
What is the units digit of 53668791?
1
What is the hundreds digit of 8439978227?
2
What is the hundred millions digit of 3657810099?
6
What is the millions digit of 116038194?
6
What is the tens digit of 79706964?
6
What is the hundreds digit of 11730971?
9
What is the hundred millions digit of 2933504769?
9
What is the ten thousands digit of 5459734711?
3
What is the thousands digit of 6370405527?
5
What is the ten millions digit of 56058067?
5
What is the hundred millions digit of 310034596?
3
What is the hundred thousands digit of 1527673?
5
What is the millions digit of 71619518?
1
What is the units digit of 178910907?
7
What is the hundred thousands digit of 2218860058?
8
What is the millions digit of 92170682?
2
What is the hundreds digit of 50283749?
7
What is the hundred millions digit of 863709480?
8
What is the ten thousands digit of 121788067?
8
What is the hundred thousands digit of 1916631458?
6
What is the thousands digit of 533480678?
0
What is the millions digit of 44400244?
4
What is the thousands digit of 3001852331?
2
What is the hundreds digit of 272570091?
0
What is the millions digit of 62966261?
2
What is the units digit of 79051231?
1
What is the units digit of 68300575?
5
What is the thousands digit of 233439396?
9
What is the thousands digit of 13198633?
8
What is the ten thousands digit of 42023164?
2
What is the hundreds digit of 11843838?
8
What is the tens digit of 26927546?
4
What is the thousands digit of 1365256139?
6
What is the units digit of 153416520?
0
What is the thousands digit of 2186548694?
8
What is the hundred millions digit of 184868670?
1
What is the thousands digit of 2528446032?
6
What is the ten thousands digit of 515961330?
6
What is the hundreds digit of 122911699?
6
What is the hundreds digit of 82733730?
7
What is the hundreds digit of 2886274556?
5
What is the hundred millions digit of 2032752009?
0
What is the hundreds digit of 207621151?
1
What is the billions digit of 1044420865?
1
What is the ten thousands digit of 1860421763?
2
What is the hundred thousands digit of 253759015?
7
What is the thousands digit of 73794592?
4
What is the units digit of 21583962?
2
What is the hundreds digit of 492903477?
4
What is the hundreds digit of 1166988266?
2
What is the hundreds digit of 266660598?
5
What is the ten thousands digit of 621742743?
4
What is the hundred thousands digit of 166653942?
6
What is the tens digit of 343678412?
1
What is the ten thousands digit of 46108385?
0
What is the tens digit of 28733020?
2
What is the hundred millions digit of 624981313?
6
What is the tens digit of 8039356?
5
What is the millions digit of 215937747?
5
What is the hundred millions digit of 209032087?
2
What is the ten thousands digit of 116820061?
2
What is the units digit of 14953264?
4
What is the billions digit of 1048579198?
1
What is the thousands digit of 36259742?
9
What is the hundred millions digit of 382954013?
3
What is the units digit of 31401881?
1
What is the hundred thousands digit of 5139982540?
9
What is the thousands digit of 3795045490?
5
What is the tens digit of 1193361319?
1
What is the tens digit of 81182975?
7
What is the millions digit of 544685717?
4
What is the hundreds digit of 64260870?
8
What is the ten thousands digit of 7872398292?
9
What is the hundreds digit of 644530644?
6
What is the hundred thousands digit of 116851273?
8
What is the ten millions digit of 16850993?
1
What is the billions digit of 3233489040?
3
What is the ten thousands digit of 35568614?
6
What is the hundred thousands digit of 299948015?
9
What is the units digit of 139188642?
2
What is the millions digit of 67655483?
7
Wha